(13)?
9
Let m(h) = 145530*h - 436877. Calculate m(3).
-287
Let g(d) = d**3 - 126*d**2 + 2476*d + 26256. What is g(98)?
-8
Let y(i) = 2*i**3 - 4*i**2 - 770*i + 314. Calculate y(-19).
-218
Let y(m) = m**3 + 70*m**2 + 10*m + 449. Give y(-70).
-251
Let a(d) = -2*d**3 + 10*d**2 - 13612*d + 68066. Determine a(5).
6
Let p(i) = -229553*i - 1606890. What is p(-7)?
-19
Let g(y) = -54*y**2 - 297*y + 271. Determine g(1).
-80
Let c(b) = 3125*b - 21544. What is c(7)?
331
Let h(p) = -2*p**3 - 613*p**2 - 132*p + 16. What is h(0)?
16
Let k(g) = -2577058*g - 41232926. Determine k(-16).
2
Let i(x) = -2*x**3 + 4*x**2 + 16*x + 45. Give i(-3).
87
Let r(f) = 18*f**2 + 5606*f - 33707. Give r(6).
577
Let f(a) = -1922*a + 69120. Determine f(36).
-72
Let l(i) = -40*i**2 - 1850*i - 1816. What is l(-1)?
-6
Let s(l) = 79*l**3 + 396*l**2 + 44*l + 174. Determine s(-5).
-21
Let g(l) = 166463*l - 5160408. What is g(31)?
-55
Let m(p) = p**3 + 28*p**2 + 2*p + 114. Determine m(-27).
789
Let o(w) = 8*w**3 - 195*w**2 - 7620*w + 30. Give o(-21).
-33
Let j(a) = a**3 + 357*a**2 + 2988*a - 1283. Determine j(-9).
13
Let b(c) = -156*c**2 + 9928*c + 3603. Determine b(64).
19
Let w(t) = t**3 - 90*t**2 + 77*t + 963. Give w(89).
-105
Let c(q) = -9*q**2 - 15899*q - 79437. Determine c(-5).
-167
Let s(q) = 17*q**2 + 16*q - 9. What is s(6)?
699
Let g(j) = j**3 - 236*j**2 + 1623*j - 4591. Determine g(229).
-11
Let j(d) = -486186*d + 6806613. Give j(14).
9
Let k(a) = -2*a**2 + 180*a + 6026. Determine k(112).
1098
Let r(p) = -p**3 + 75*p**2 - 121*p + 3590. Determine r(74).
112
Let w(z) = 2281*z + 27573. Give w(-12).
201
Let z(b) = -319*b - 19431. What is z(-45)?
-5076
Let g(t) = 800*t - 127020. Give g(158).
-620
Let a(s) = 8864*s + 194997. Determine a(-22).
-11
Let c(b) = 3*b**2 + 458*b + 13165. Give c(-115).
170
Let b(m) = -5*m**3 - 254*m**2 - 662*m + 210. Give b(-48).
-270
Let a(v) = -16579*v - 1292913. Calculate a(-78).
249
Let j(a) = -a**3 + 45*a**2 + 52*a + 412. Calculate j(47).
-1562
Let p(u) = -u**3 - 204*u**2 + 5248*u - 618. Give p(23).
3
Let g(l) = -1051*l - 39865. What is g(-38)?
73
Let j(d) = -2*d**3 - 131*d**2 - 319*d - 16642. What is j(-65)?
-132
Let s(h) = 141*h - 7354. Calculate s(52).
-22
Let z(u) = u**3 + 56*u**2 - 382*u - 4740. What is z(-61)?
-43
Let r(z) = -302*z + 7183. Calculate r(24).
-65
Let d(y) = 8663*y - 450350. Give d(52).
126
Let t(c) = 6060*c - 23783. Give t(4).
457
Let y(w) = -3*w**3 + 11*w**2 + 58*w - 285. Determine y(5).
-95
Let x(y) = -2*y**3 + 3*y**2 + 49*y + 23. What is x(-4)?
3
Let k(t) = 18*t**3 + 186*t**2 - 12*t - 143. Calculate k(-10).
577
Let p(c) = -26767*c + 214142. Give p(8).
6
Let s(x) = -x**3 - 134*x**2 - 2181*x + 498. Give s(-115).
38
Let t(i) = -2*i**3 + 17*i**2 + 115*i + 5. Give t(-7).
719
Let g(a) = -140*a + 16673. Calculate g(127).
-1107
Let m(l) = -7*l**3 + 45*l**2 + 209*l + 126. What is m(-4)?
458
Let a(s) = s**2 + 622504*s + 41080902. Give a(-66).
-6
Let f(c) = 1250*c - 12152. Determine f(9).
-902
Let b(z) = -z**2 - 25192*z + 125992. Give b(5).
7
Let p(s) = -s**2 + 8399*s - 41955. Determine p(5).
15
Let i(q) = -6*q**2 - 2011*q - 144401. What is i(-231)?
-26
Let s(a) = -4*a**2 - 378*a - 7237. Give s(-26).
-113
Let t(i) = i**3 - 42*i**2 - 12*i + 4244. Determine t(40).
564
Let g(d) = -25*d**3 - 447*d**2 - 166*d + 42. What is g(-18)?
4002
Let c(d) = -d**2 - 157*d - 2870. Determine c(-18).
-368
Let b(q) = -4341*q + 8545. What is b(2)?
-137
Let a(c) = -1042*c - 8151. What is a(-9)?
1227
Let m(n) = 1049*n**2 + 1049*n - 7. Determine m(-1).
-7
Let c(d) = 3*d**3 - 289*d**2 + 640*d - 170. Calculate c(94).
-1862
Let p(l) = -38*l - 2003. Calculate p(-55).
87
Let x(f) = f**3 - 4471*f**2 - 17856*f + 143. Determine x(-4).
-33
Let z(b) = 7*b**2 - 1588*b - 54278. Determine z(257).
-51
Let n(f) = 136870*f - 10. Give n(0).
-10
Let h(p) = -p**2 + 287*p + 39459. Give h(392).
-1701
Let h(g) = 17*g**2 - 485*g + 3. Give h(3).
-1299
Let s(h) = -62*h**2 + 8367*h + 426. Determine s(135).
21
Let l(u) = -2*u**3 + 22*u**2 - 37*u - 218. What is l(5)?
-103
Let x(n) = 45*n**2 + 147*n - 948. Give x(6).
1554
Let i(f) = -6*f**2 - 606371*f - 1819123. Give i(-3).
-64
Let h(x) = x**3 + 33*x**2 + 75*x + 213. Calculate h(-31).
-190
Let m(h) = -h**3 + 15224*h**2 - 212918*h - 298. Calculate m(14).
10
Let z(m) = -21*m**2 + 860*m + 17671. Give z(56).
-25
Let g(t) = -174*t + 6041. Determine g(34).
125
Let i(h) = -6*h**2 - 23*h + 28. What is i(-6)?
-50
Let j(s) = -22*s**2 - 741*s + 6695. Determine j(9).
-1756
Let w(v) = -10*v**2 + 394*v - 2716. Determine w(9).
20
Let k(y) = -1246*y + 210601. Determine k(169).
27
Let f(n) = n**3 + 40*n**2 - 1457*n + 76. Determine f(23).
-108
Let b(u) = 1337*u - 510665. Determine b(382).
69
Let i(m) = 3049*m + 478438. Determine i(-157).
-255
Let z(g) = 2*g**3 - 486*g**2 - 411*g + 99878. Calculate z(243).
5
Let l(x) = 7*x**2 + 2742*x - 108713. What is l(-428)?
-1
Let v(j) = 837*j - 15991. What is v(20)?
749
Let y(l) = -93875*l - 249. Determine y(0).
-249
Let w(l) = l**2 - 12*l - 3175. Calculate w(76).
1689
Let i(l) = 389*l**2 - 161*l + 163. Calculate i(1).
391
Let g(i) = 69*i - 535. Give g(2).
-397
Let x(j) = -j**3 - 362*j**2 + 56*j + 279355. Determine x(-360).
-5
Let f(z) = z**3 - 45*z**2 - 55*z - 2477. Calculate f(47).
-644
Let d(y) = 3*y**2 - 7207*y - 94195. Calculate d(-13).
3
Let x(i) = 9572*i - 670037. Determine x(70).
3
Let d(n) = 9396*n + 75182. What is d(-8)?
14
Let y(k) = -3*k**2 + 3191*k + 35522. Give y(-11).
58
Let f(y) = 33498*y + 4823710. What is f(-144)?
-2
Let m(g) = 1145*g**2 + 5611*g - 603. Give m(-5).
-33
Let k(v) = 59*v**3 + 2*v**2 + 201*v - 202. What is k(1)?
60
Let v(h) = -h**3 - 64*h**2 - 605*h + 328. Calculate v(-53).
1494
Let d(c) = -23*c**2 - 282*c - 32. Determine d(-16).
-1408
Let d(r) = 3*r**3 - 868*r**2 - 646*r + 19145. Determine d(290).
5
Let i(j) = -2446*j - 22055. Determine i(-9).
-41
Let d(h) = -724*h**2 + 5065*h - 7. Calculate d(7).
-28
Let l(a) = a**2 - 2315*a + 54986. Determine l(24).
2
Let j(r) = -r**3 - 97*r**2 + 709*r + 68786. Determine j(-97).
13
Let q(u) = 286*u**2 - 17734*u + 169. Determine q(62).
45
Let w(g) = 27*g**2 + 3669*g + 67672. Give w(-22).
22
Let d(y) = -1006*y - 34474. Give d(-34).
-270
Let m(x) = -x**2 - 4*x + 2992. Calculate m(-58).
-140
Let c(q) = 3*q**3 + 203*q**2 - 80*q - 834. Give c(-68).
-18
Let f(t) = 29*t - 1073. Determine f(43).
174
Let b(f) = -f**2 + 4600*f - 154764. What is b(34)?
480
Let j(i) = -213*i - 5959. Calculate j(-30).
431
Let q(p) = -30*p**2 - 4837*p - 1145. Calculate q(-161).
-18
Let j(y) = 6140*y + 11471. Determine j(-2).
-809
Let g(t) = 79*t**2 - 4031*t + 100. Calculate g(51).
-2
Let v(g) = -g**3 + 32*g**2 + 216*g - 7070. Determine v(15).
-5
Let j(x) = -5*x**3 + 2972*x**2 - 44632*x + 28367. Calculate j(579).
-4
Let l(v) = -v**2 + 166*v + 2059. Determine l(-12).
-77
Let u(x) = -2*x**3 + 7*x + 3. What is u(10)?
-1927
Let m(u) = -10*u**2 + 2322*u + 133840. What is m(280)?
0
Let k(j) = -72*j**2 - 58142*j - 30659. Determine k(-807).
7
Let w(x) = x**2 - 549*x + 63936. What is w(170)?
-494
Let x(m) = -48*m + 3939. What is x(128)?
-2205
Let u(g) = 5*g**2 + 16*g - 256. Determine u(12).
656
Let j(o) = -o**3 + 21*o**2 + 1866*o - 136. Calculate j(-34).
0
Let a(i) = 33346*i + 299577. Determine a(-9).
-537
Let a(j) = -j**3 + 11*j**2 + 579*j - 357. What is a(30)?
-87
Let l(r) = 41*r + 5202. What is l(-127)?
-5
Let z(j) = -7*j**2 - 65*j - 87. What is z(-8)?
-15
Let g(s) = -6*s**3 - 60*s**2 + 74*s + 157. Determine g(-12).
997
Let k(a) = 246*a + 15514. Calculate k(-65).
-476
Let w(o) = 66*o**2 + 114*o + 1. Give w(-5).
1081
Let h(k) = -3659*k - 14699. Give h(-5).
3596
Let m(g) = -3*g**2 - 142*g - 820. Give m(-28).
804
Let t(r) = -7193*r + 446083. Give t(62).
117
Let i(g) = g**3 + 33*g**2 - 458*g + 1049. Determine i(3).
-1
Let d(a) = -28*a**2 - 1539*a + 4610. Give d(3).
-259
Let x(j) = 710*j - 17027. Give x(24).
13
Let a(m) = 5649*m + 32088. What is a(-5)?
3843
Let h(x) = 174*x**2 - 1256*x - 176. Calculate h(7).
-442
Let s(c) = 44*c**2 + 7*c - 6. Give s(2).
184
Let r(t) = 10942*t - 196972. What is r(18)?
-16
Let j(h) = h**2 + 1839*h - 33644. Determine j(18).
-218
Let v(s) = 32*s**2 + 750*s - 2132. Determine v(-26).
0
Let m(u) = 3*u**3 - 693*u**2 + 140*u - 32334. Calculate m(231).
6
Let v(x) = -x**3 -